, 0*j + z - 27 = 5*j. Let r = 4 + j. What is d(r)?
2
Let z(i) = i**2 + i. Let o(w) = w**3 + 10*w**2 + 4*w + 2. Let k(q) = -o(q) + 3*z(q). Determine k(-7).
5
Let c(t) be the first derivative of 4*t + 1/2*t**2 + 2. Give c(0).
4
Let c(x) = x**3 - 4*x**2 - x - 4. Let p = -72 + 76. Calculate c(p).
-8
Let x(b) = b**3 + 6*b**2 + 4*b + 6. Let o(q) = -6*q**2 + q. Let u be o(1). Determine x(u).
11
Suppose r + 3*z - 8 = -0*z, 7 = 2*r - 3*z. Let u(w) be the first derivative of w**3/3 - 2*w**2 + 6*w + 38. Calculate u(r).
11
Let v(y) = 7*y**3 - 17*y**2 + 8*y - 7. Let m(j) = 4*j**3 - 9*j**2 + 4*j - 3. Let f(u) = 5*m(u) - 3*v(u). Determine f(6).
-18
Let f(u) = u**3 + u**2 - u - 1. Let m(q) = -2*q**2 + q - 4. Let x(d) = f(d) - m(d). Let y be (-1)/3 + 22/(-6). Determine x(y).
-5
Let a be ((-6)/3)/((-10)/(-15)). Let v be -3 + a + 4/4. Let o(m) = -m. Let y(f) = 4*f. Let z(r) = 5*o(r) + y(r). Calculate z(v).
5
Let k(o) = 1 + 2*o - 24*o**2 + 24*o**2 + 21*o**3 - 7*o**3. Give k(-1).
-15
Let r be (-17)/(-4) - 2/8. Suppose u - 4*o - 5 = -3, -2*u - 2*o + r = 0. Let w(q) = 3*q**3 + q - u*q**3 - 1 + 3*q**2 - 6*q. Determine w(-4).
3
Let y(n) = -n**3 + 5*n**2 + 6*n. Suppose 9 = 4*d + 4*v - 31, -3*d + 14 = -v. What is y(d)?
0
Suppose -16*r + 20*r = 8. Let n = 5 - 3. Let x(y) = -4 + 3*y + r - 6*y + n*y. Determine x(2).
-4
Let k(f) = f**3 - 5*f**2 + 2*f - 3. Let h be (-1 + 6)*4/(-4)*-1. Determine k(h).
7
Let d(x) = x**2 + 5*x + 6. Let o be d(-4). Let z(y) = 17*y + 7. Let u(a) = 9*a + 4. Let c(v) = 11*u(v) - 6*z(v). Determine c(o).
-4
Let x(s) = -s**3 - 6*s**2 + 3. Suppose 5*o - 4*p = -30, -5*o + 3*p - 30 = -0*p. Determine x(o).
3
Let b(s) = 2*s**2 + 0*s + 2*s + 7*s**3 - 1 - 4*s**2. Suppose 7 = g - 4*c, -3 = c - 2. Let w be (-20)/30 + 5/g. What is b(w)?
6
Let w(n) = 6 - 19 + 5 + 2*n. Determine w(7).
6
Let i(w) = w**2 + 7*w + 3. Suppose 12 = t - 3*x, 0 = 2*x + 6. Suppose 0 = -t*a - 9 - 9. What is i(a)?
-3
Let l be 4/18 + (-1012)/99. Let c = l + 10. Let p(d) = d**3 + d**2 - d - 4. Determine p(c).
-4
Let r be (-8 - -10)/(-1*4)*6. Let n(b) = b - 3. Calculate n(r).
-6
Let l(s) = 3*s**2 + 2*s**2 - 5*s**3 - s - 4*s**2. Suppose 0 = -5*z + 15, 2*k = -0*z - 4*z + 14. Let j be l(k). Let q(u) = -2*u - 6. Give q(j).
4
Let v = -4 + 8. Let k(d) = -10 + 4 - v - d. Let g(z) = z**3 + 2*z**2 - 5. Let l be g(0). Determine k(l).
-5
Suppose 2 = 5*i - 2*w - 10, -20 = -5*w. Let c(h) be the third derivative of h**4/24 - h**3/6 - h**2. Give c(i).
3
Let t be 20/6*(-6)/(-4). Suppose 0 = 3*r - 29 + t. Let o(d) = d - 2 + r - 1 + 2. What is o(-5)?
2
Let u(k) = -k**2 + 6*k + 9. Let d be u(8). Let v(m) = m**2 + 5*m - 7. What is v(d)?
7
Let u(d) = -d + 1. Let t be u(-3). Let k(r) = t*r - 10*r - 4 + 1 - 5*r**2 + r**3. What is k(6)?
-3
Let m(u) = -3*u + 2. Let a = 0 - -2. Let b be -2 + 7 + -2 + 2. Suppose y - i = a*y, -9 = 2*y + b*i. Determine m(y).
-7
Let z(l) = 0*l + 4 - l - 4*l**2 - 3*l. Let g(i) = -7*i**2 - 9*i + 7. Let a(c) = 3*g(c) - 5*z(c). What is a(-6)?
7
Let o(v) be the second derivative of -v**4/6 - 3*v**2/2 - 26*v. Determine o(-3).
-21
Let h(x) = x - 11. Let g = 41 + -34. What is h(g)?
-4
Suppose 1 = -5*f + 4*f. Let v(u) be the first derivative of -9*u**4/4 - u**3/3 + u - 1. Determine v(f).
9
Let y(p) = -5*p - 2. Let g(b) = -9*b - 4. Let c(o) = -4*g(o) + 7*y(o). Suppose -2*h - f + 3*f - 14 = 0, -h - 23 = -5*f. What is c(h)?
-1
Let y(c) = -c**2 + 5*c + 5. Suppose 0 = 2*h - 3*i - 1, -2*i - 21 = -3*h - 4*i. Give y(h).
5
Let u(o) = -3*o**2 - 3*o + 20. Let k(a) = a**2 + a - 7. Let g(c) = -8*k(c) - 3*u(c). Give g(-3).
2
Let p(l) be the third derivative of -l**5/60 + l**4/6 + l**3/6 - l**2. Let c = 1 - 0. Let a be c*(-1 + 3) - -3. What is p(a)?
-4
Let t = 5 - 3. Let g(b) = 2*b + 0*b**2 + 4*b**2 - 2*b**2 - b**3 - 5. Let f(m) = -2*m**3 + 4*m**2 + 4*m - 9. Let h(w) = -3*f(w) + 5*g(w). What is h(t)?
-2
Let b(p) = 38 - p + 40 - 84. Give b(-9).
3
Let z = 9 - 7. Let n(d) = -4*d + d + 0*d + 2*d + 2*d**z. Determine n(1).
1
Let v(m) = 6*m**2 - m + 11. Let b(q) = -q**2 + q - 1. Let g(w) = 5*b(w) + v(w). Suppose 0 = 4*a - 12, -2*k - 10 = 2*k + 2*a. Calculate g(k).
6
Suppose 0 = l + 3*v + 12, -4*l = -l - 3*v + 12. Let r(y) = -y**2 - 4*y + 2. Give r(l).
-10
Let s(g) be the second derivative of g**3/3 - 3*g**2 - 12*g. Give s(7).
8
Let j(g) = -g - 1. Let d be j(4). Let u(v) be the first derivative of v**3/3 + 3*v**2 + 4*v - 20. Calculate u(d).
-1
Let y(j) = -8 + 240*j + 2 - 243*j. Let i be 4 + (1 - -1)/(-1). Suppose -1 = -i*z - 9. Give y(z).
6
Suppose -j - 7 = -2*j. Suppose 0 = -4*r - 8, i - 5*r = -4 + 24. Let c = j - i. Let t(d) = -d**2 - 2*d - 3. Determine t(c).
-6
Let j(g) = g**2 - 5*g - 1. Let m(o) = o + 20. Let u be m(-15). Let c be (-4)/(-12)*3*u. What is j(c)?
-1
Let p = 16 + -2. Suppose -5*q = -2*a, q - 4*a - p = -2*q. Let o(t) = -2*t**3 - 2*t**2 + t. What is o(q)?
6
Let c(r) = 4 - r**3 - 3*r**2 - 6*r**2 + 0*r**2 - 5*r + 2*r**2. Calculate c(-6).
-2
Suppose -15 = i - 4*y, 5*y + 0 - 5 = 4*i. Let p(k) = -k**2 + 8*k + 6. Determine p(i).
21
Let t(c) = -15 + 14 - 6 - 3*c. Determine t(-5).
8
Let c(p) = 493*p**3 + 0*p - p - 502*p**3 - 2*p**2. Give c(-1).
8
Suppose 0*l + 12 = 2*l. Let h be (2/3)/((-4)/l). Let n = h + 4. Let j(c) = c**2 - 3*c + 4. Give j(n).
4
Let b(f) be the second derivative of 3*f + 0 - 1/6*f**4 - 3/2*f**2 - 1/3*f**3. Determine b(-2).
-7
Let p(s) be the first derivative of s**2/2 + 10*s + 15. Suppose n - 5 = -3*x - 0*n, 25 = 3*x + 5*n. Calculate p(x).
10
Suppose -28 = -3*q + 5*o, 2*o + 16 = 3*q - q. Let b(j) = 3*j - 1. Calculate b(q).
17
Let b(c) = -3*c - 2*c**2 + 4*c**2 + 4 - 3*c**2 + 2*c. Calculate b(0).
4
Let z(g) = -3*g - 3*g - 8 - g - g**2 - 1. What is z(-6)?
-3
Let k(d) be the first derivative of d**4/8 + d**2 - 3. Let u(s) be the second derivative of k(s). What is u(2)?
6
Let h(q) = -q + 6. Let y(o) = -o**2 + 5*o - 4. Let n be y(4). Suppose 4 = 3*i - 14. Let w = n + i. Determine h(w).
0
Let w(k) = 0*k**2 - k**3 + 0*k**2 + 3 - k**2. Determine w(0).
3
Let w(o) be the first derivative of 0*o + 0*o**2 - 1/3*o**3 - 1. Suppose 3*p - 3*t - 15 = 0, 7 - 22 = 4*p + 3*t. Calculate w(p).
0
Let s = 9 - 4. Let g = 1 - s. Let l(v) = v**2 + 4*v + 4. Give l(g).
4
Let x be ((-4)/6)/((-12)/54). Let y(k) = 0 + 0 + x*k + 5. Give y(-4).
-7
Let b(n) = n**2 + 7*n + 3. Let v = 22 - 29. What is b(v)?
3
Let w(j) be the second derivative of j**5/20 - 7*j**4/12 + 5*j**3/6 - j**2 + 3*j. Suppose 0 = t + 2*t - 18. Calculate w(t).
-8
Let x(m) = 5*m**2 - m - 1. Suppose -3*s - 2*q + 2 = -0, 15 = 5*s + q. Suppose -s*b = -8*b + 8. What is x(b)?
17
Let x(g) = g + 7. Let r be -8 + (-1 + 6)/5. What is x(r)?
0
Suppose -h = -0 - 10. Suppose 0 = 27*v - 32*v + 60. Let y = v - h. Let j(n) = -4*n + 1. Give j(y).
-7
Suppose -4*u - 8 = 4. Let b(c) = c**3 + 2*c**2. Calculate b(u).
-9
Suppose -5*m - 15 = 0, 0 = 4*c - 3*c + 3*m + 7. Let s be 4/16 + (-2)/8. Let g(z) = -5*z**2 - z + c*z + s*z**3 + z**2 + z**3. What is g(2)?
-6
Let r = 1 + 9. Suppose 0 = -5*j + 2*u + 18, -3*u - r = 2*j - j. Let s(k) = 3 - 2*k**2 + 0*k - 1 + k + k**3. Determine s(j).
4
Suppose -3*d = 5*x, -4*d + 19 = -2*x - 9*d. Suppose a - 16 = -h - 3*h, x*h = a + 5. Let s(y) = -4 + 3 - y + a. Determine s(-4).
7
Let k(u) = 3*u**2 - 2*u - 2. Suppose -3*p = -4*p + 2. Calculate k(p).
6
Let m(x) = -368*x - 9 + 183*x + 183*x. Determine m(-8).
7
Suppose 9*k = 12*k + 9. Let g(y) = -y**2 - 7*y - 4. What is g(k)?
8
Let m(h) = -h**3 + 21*h**2 - 22*h + 35. Let a be m(20). Let l(x) = -x**3 - 4*x**2 + 3*x - 5. Calculate l(a).
5
Let x = 2 + -4. Suppose 4*m = 3*a - 3 + 28, -5*a - 4*m + 1 = 0. Let y = a + x. Let r(u) = -u**3 - 5*u**2 - 2*u - 5. Calculate r(y).
5
Let i be 1/((-2)/6*1). Let v(u) be the third derivative of u**6/120 + u**5/30 - u**4/8 - 2*u**3/3 - 7*u**2. Determine v(i).
-4
Suppose -3*u + 10*u = 14. Let s(w) = 5*w + 1. Determine s(u).
11
Suppose 0 = -z + 3*g - 14, 2*z + g + 24 = 6*g. Let n(v) = 2*v**2 + 3*v + 1. Determine n(z).
3
Let i(n) = 2*n + 11. Let g be i(-8). Let c(p) be the third derivative of -p**7/5040 - p**5/15 - 5*p**2. Let m(d) be the third derivative of c(d). Give m(g).
5
Suppose 4 + 8 = -2*s. Let n(v) = v**2 + 6*v + 3. Give n(s).
3
Let j(c) be the third derivative of -c**4/24 + 7*c**3/6 + c**2 - 8. Suppose 5*n + 4*g = -1 + 13, 9 = 4*n + 3*g. Give j(n).
7
Let o(l) = -6*